[INFO] cloning repository https://github.com/sliechti/lets-build-a-compiler-rust
[INFO] running `Command { std: "git" "-c" "credential.helper=" "-c" "credential.helper=/workspace/cargo-home/bin/git-credential-null" "clone" "--bare" "https://github.com/sliechti/lets-build-a-compiler-rust" "/workspace/cache/git-repos/https%3A%2F%2Fgithub.com%2Fsliechti%2Flets-build-a-compiler-rust", kill_on_drop: false }`
[INFO] [stderr] Cloning into bare repository '/workspace/cache/git-repos/https%3A%2F%2Fgithub.com%2Fsliechti%2Flets-build-a-compiler-rust'...
[INFO] running `Command { std: "git" "rev-parse" "HEAD", kill_on_drop: false }`
[INFO] [stdout] c3bc0fb9d67e83dd44696add162c475e73dd0214
[INFO] checking sliechti/lets-build-a-compiler-rust against try#72f88fc4e9458f89516a0b8b0868f3718aec5b47 for pr-74989
[INFO] running `Command { std: "git" "clone" "/workspace/cache/git-repos/https%3A%2F%2Fgithub.com%2Fsliechti%2Flets-build-a-compiler-rust" "/workspace/builds/worker-7/source", kill_on_drop: false }`
[INFO] [stderr] Cloning into '/workspace/builds/worker-7/source'...
[INFO] [stderr] done.
[INFO] validating manifest of git repo https://github.com/sliechti/lets-build-a-compiler-rust on toolchain 72f88fc4e9458f89516a0b8b0868f3718aec5b47
[INFO] running `Command { std: "/workspace/cargo-home/bin/cargo" "+72f88fc4e9458f89516a0b8b0868f3718aec5b47" "read-manifest" "--manifest-path" "Cargo.toml", kill_on_drop: false }`
[INFO] started tweaking git repo https://github.com/sliechti/lets-build-a-compiler-rust
[INFO] finished tweaking git repo https://github.com/sliechti/lets-build-a-compiler-rust
[INFO] tweaked toml for git repo https://github.com/sliechti/lets-build-a-compiler-rust written to /workspace/builds/worker-7/source/Cargo.toml
[INFO] crate git repo https://github.com/sliechti/lets-build-a-compiler-rust already has a lockfile, it will not be regenerated
[INFO] running `Command { std: "/workspace/cargo-home/bin/cargo" "+72f88fc4e9458f89516a0b8b0868f3718aec5b47" "fetch" "--locked" "--manifest-path" "Cargo.toml", kill_on_drop: false }`
[INFO] [stderr]     Blocking waiting for file lock on package cache
[INFO] running `Command { std: "docker" "create" "-v" "/var/lib/crater-agent-workspace/builds/worker-7/target:/opt/rustwide/target:rw,Z" "-v" "/var/lib/crater-agent-workspace/builds/worker-7/source:/opt/rustwide/workdir:ro,Z" "-v" "/var/lib/crater-agent-workspace/cargo-home:/opt/rustwide/cargo-home:ro,Z" "-v" "/var/lib/crater-agent-workspace/rustup-home:/opt/rustwide/rustup-home:ro,Z" "-e" "SOURCE_DIR=/opt/rustwide/workdir" "-e" "CARGO_TARGET_DIR=/opt/rustwide/target" "-e" "CARGO_HOME=/opt/rustwide/cargo-home" "-e" "RUSTUP_HOME=/opt/rustwide/rustup-home" "-w" "/opt/rustwide/workdir" "-m" "1610612736" "--user" "0:0" "--network" "none" "rustops/crates-build-env@sha256:d92eaeed33fa75130ca1ee6c8a01d1ffb62bac859dfdfb3450e3e5d1c0146529" "/opt/rustwide/cargo-home/bin/cargo" "+72f88fc4e9458f89516a0b8b0868f3718aec5b47" "metadata" "--no-deps" "--format-version=1", kill_on_drop: false }`
[INFO] [stdout] a43f1bb6d56870965db00b276335b313e9c83e7e1282ea605a36415fdb54fccb
[INFO] [stderr] WARNING: Your kernel does not support swap limit capabilities or the cgroup is not mounted. Memory limited without swap.
[INFO] running `Command { std: "docker" "start" "-a" "a43f1bb6d56870965db00b276335b313e9c83e7e1282ea605a36415fdb54fccb", kill_on_drop: false }`
[INFO] running `Command { std: "docker" "inspect" "a43f1bb6d56870965db00b276335b313e9c83e7e1282ea605a36415fdb54fccb", kill_on_drop: false }`
[INFO] running `Command { std: "docker" "rm" "-f" "a43f1bb6d56870965db00b276335b313e9c83e7e1282ea605a36415fdb54fccb", kill_on_drop: false }`
[INFO] [stdout] a43f1bb6d56870965db00b276335b313e9c83e7e1282ea605a36415fdb54fccb
[INFO] running `Command { std: "docker" "create" "-v" "/var/lib/crater-agent-workspace/builds/worker-7/target:/opt/rustwide/target:rw,Z" "-v" "/var/lib/crater-agent-workspace/builds/worker-7/source:/opt/rustwide/workdir:ro,Z" "-v" "/var/lib/crater-agent-workspace/cargo-home:/opt/rustwide/cargo-home:ro,Z" "-v" "/var/lib/crater-agent-workspace/rustup-home:/opt/rustwide/rustup-home:ro,Z" "-e" "SOURCE_DIR=/opt/rustwide/workdir" "-e" "CARGO_TARGET_DIR=/opt/rustwide/target" "-e" "CARGO_INCREMENTAL=0" "-e" "RUST_BACKTRACE=full" "-e" "RUSTFLAGS=--cap-lints=forbid" "-e" "CARGO_HOME=/opt/rustwide/cargo-home" "-e" "RUSTUP_HOME=/opt/rustwide/rustup-home" "-w" "/opt/rustwide/workdir" "-m" "1610612736" "--user" "0:0" "--network" "none" "rustops/crates-build-env@sha256:d92eaeed33fa75130ca1ee6c8a01d1ffb62bac859dfdfb3450e3e5d1c0146529" "/opt/rustwide/cargo-home/bin/cargo" "+72f88fc4e9458f89516a0b8b0868f3718aec5b47" "check" "--frozen" "--all" "--all-targets" "--message-format=json", kill_on_drop: false }`
[INFO] [stdout] e559af09adea4d1a51c8f3c25d50eedc7672d461c3bca80d456e52ed95206779
[INFO] [stderr] WARNING: Your kernel does not support swap limit capabilities or the cgroup is not mounted. Memory limited without swap.
[INFO] running `Command { std: "docker" "start" "-a" "e559af09adea4d1a51c8f3c25d50eedc7672d461c3bca80d456e52ed95206779", kill_on_drop: false }`
[INFO] [stderr]     Checking rustcompiler v0.1.0 (/opt/rustwide/workdir)
[INFO] [stdout] error[E0603]: function import `is_alpha` is private
[INFO] [stdout]   --> src/unittest.rs:5:30
[INFO] [stdout]    |
[INFO] [stdout] 5  |     assert_eq!(true, cradle::is_alpha('a'));
[INFO] [stdout]    |                              ^^^^^^^^ private function import
[INFO] [stdout]    |
[INFO] [stdout] note: the function import `is_alpha` is defined here...
[INFO] [stdout]   --> src/cradle.rs:2:5
[INFO] [stdout]    |
[INFO] [stdout] 2  | use ::utils::*;
[INFO] [stdout]    |     ^^^^^^^^^^
[INFO] [stdout] note: ...and refers to the function `is_alpha` which is defined here
[INFO] [stdout]   --> src/utils.rs:33:1
[INFO] [stdout]    |
[INFO] [stdout] 33 | pub fn is_alpha(c: char) -> bool {
[INFO] [stdout]    | ^^^^^^^^^^^^^^^^^^^^^^^^^^^^^^^^ consider importing it directly
[INFO] [stdout] 
[INFO] [stdout] 
[INFO] [stdout] error[E0603]: function import `is_alpha` is private
[INFO] [stdout]   --> src/unittest.rs:6:30
[INFO] [stdout]    |
[INFO] [stdout] 6  |     assert_eq!(true, cradle::is_alpha('A'));
[INFO] [stdout]    |                              ^^^^^^^^ private function import
[INFO] [stdout]    |
[INFO] [stdout] note: the function import `is_alpha` is defined here...
[INFO] [stdout]   --> src/cradle.rs:2:5
[INFO] [stdout]    |
[INFO] [stdout] 2  | use ::utils::*;
[INFO] [stdout]    |     ^^^^^^^^^^
[INFO] [stdout] note: ...and refers to the function `is_alpha` which is defined here
[INFO] [stdout]   --> src/utils.rs:33:1
[INFO] [stdout]    |
[INFO] [stdout] 33 | pub fn is_alpha(c: char) -> bool {
[INFO] [stdout]    | ^^^^^^^^^^^^^^^^^^^^^^^^^^^^^^^^ consider importing it directly
[INFO] [stdout] 
[INFO] [stdout] 
[INFO] [stdout] error[E0603]: function import `is_alpha` is private
[INFO] [stdout]   --> src/unittest.rs:7:30
[INFO] [stdout]    |
[INFO] [stdout] 7  |     assert_eq!(true, cradle::is_alpha('X'));
[INFO] [stdout]    |                              ^^^^^^^^ private function import
[INFO] [stdout]    |
[INFO] [stdout] note: the function import `is_alpha` is defined here...
[INFO] [stdout]   --> src/cradle.rs:2:5
[INFO] [stdout]    |
[INFO] [stdout] 2  | use ::utils::*;
[INFO] [stdout]    |     ^^^^^^^^^^
[INFO] [stdout] note: ...and refers to the function `is_alpha` which is defined here
[INFO] [stdout]   --> src/utils.rs:33:1
[INFO] [stdout]    |
[INFO] [stdout] 33 | pub fn is_alpha(c: char) -> bool {
[INFO] [stdout]    | ^^^^^^^^^^^^^^^^^^^^^^^^^^^^^^^^ consider importing it directly
[INFO] [stdout] 
[INFO] [stdout] 
[INFO] [stdout] error[E0603]: function import `is_alpha` is private
[INFO] [stdout]   --> src/unittest.rs:8:31
[INFO] [stdout]    |
[INFO] [stdout] 8  |     assert_eq!(false, cradle::is_alpha('5'));
[INFO] [stdout]    |                               ^^^^^^^^ private function import
[INFO] [stdout]    |
[INFO] [stdout] note: the function import `is_alpha` is defined here...
[INFO] [stdout]   --> src/cradle.rs:2:5
[INFO] [stdout]    |
[INFO] [stdout] 2  | use ::utils::*;
[INFO] [stdout]    |     ^^^^^^^^^^
[INFO] [stdout] note: ...and refers to the function `is_alpha` which is defined here
[INFO] [stdout]   --> src/utils.rs:33:1
[INFO] [stdout]    |
[INFO] [stdout] 33 | pub fn is_alpha(c: char) -> bool {
[INFO] [stdout]    | ^^^^^^^^^^^^^^^^^^^^^^^^^^^^^^^^ consider importing it directly
[INFO] [stdout] 
[INFO] [stdout] 
[INFO] [stdout] error[E0603]: function import `is_alpha` is private
[INFO] [stdout]   --> src/unittest.rs:9:31
[INFO] [stdout]    |
[INFO] [stdout] 9  |     assert_eq!(false, cradle::is_alpha('0'));
[INFO] [stdout]    |                               ^^^^^^^^ private function import
[INFO] [stdout]    |
[INFO] [stdout] note: the function import `is_alpha` is defined here...
[INFO] [stdout]   --> src/cradle.rs:2:5
[INFO] [stdout]    |
[INFO] [stdout] 2  | use ::utils::*;
[INFO] [stdout]    |     ^^^^^^^^^^
[INFO] [stdout] note: ...and refers to the function `is_alpha` which is defined here
[INFO] [stdout]   --> src/utils.rs:33:1
[INFO] [stdout]    |
[INFO] [stdout] 33 | pub fn is_alpha(c: char) -> bool {
[INFO] [stdout]    | ^^^^^^^^^^^^^^^^^^^^^^^^^^^^^^^^ consider importing it directly
[INFO] [stdout] 
[INFO] [stdout] 
[INFO] [stdout] warning: unnecessary parentheses around `if` condition
[INFO] [stdout]    --> src/interpreter.rs:205:16
[INFO] [stdout]     |
[INFO] [stdout] 205 |             if (self.buff == END_PROG) {
[INFO] [stdout]     |                ^^^^^^^^^^^^^^^^^^^^^^^ help: remove these parentheses
[INFO] [stdout]     |
[INFO] [stdout]     = note: `#[warn(unused_parens)]` on by default
[INFO] [stdout] 
[INFO] [stdout] 
[INFO] [stdout] error: aborting due to 5 previous errors
[INFO] [stdout] 
[INFO] [stdout] 
[INFO] [stdout] For more information about this error, try `rustc --explain E0603`.
[INFO] [stdout] 
[INFO] [stderr] error: could not compile `rustcompiler`.
[INFO] [stderr] 
[INFO] [stderr] To learn more, run the command again with --verbose.
[INFO] [stderr] warning: build failed, waiting for other jobs to finish...
[INFO] [stdout] warning: value assigned to `ret` is never read
[INFO] [stdout]   --> src/interpreter.rs:78:13
[INFO] [stdout]    |
[INFO] [stdout] 78 |         let mut ret: u32 = 0;
[INFO] [stdout]    |             ^^^^^^^
[INFO] [stdout]    |
[INFO] [stdout]    = note: `#[warn(unused_assignments)]` on by default
[INFO] [stdout]    = help: maybe it is overwritten before being read?
[INFO] [stdout] 
[INFO] [stdout] 
[INFO] [stdout] warning: value assigned to `ret` is never read
[INFO] [stdout]    --> src/interpreter.rs:161:13
[INFO] [stdout]     |
[INFO] [stdout] 161 |         let mut ret: u32 = 0;
[INFO] [stdout]     |             ^^^^^^^
[INFO] [stdout]     |
[INFO] [stdout]     = help: maybe it is overwritten before being read?
[INFO] [stdout] 
[INFO] [stdout] 
[INFO] [stdout] warning: variable does not need to be mutable
[INFO] [stdout]   --> src/interpreter.rs:84:17
[INFO] [stdout]    |
[INFO] [stdout] 84 |             let mut var = self.get_name();
[INFO] [stdout]    |                 ----^^^
[INFO] [stdout]    |                 |
[INFO] [stdout]    |                 help: remove this `mut`
[INFO] [stdout]    |
[INFO] [stdout]    = note: `#[warn(unused_mut)]` on by default
[INFO] [stdout] 
[INFO] [stdout] 
[INFO] [stdout] warning: 4 warnings emitted
[INFO] [stdout] 
[INFO] [stdout] 
[INFO] [stdout] warning: unnecessary parentheses around `if` condition
[INFO] [stdout]    --> src/interpreter.rs:205:16
[INFO] [stdout]     |
[INFO] [stdout] 205 |             if (self.buff == END_PROG) {
[INFO] [stdout]     |                ^^^^^^^^^^^^^^^^^^^^^^^ help: remove these parentheses
[INFO] [stdout]     |
[INFO] [stdout]     = note: `#[warn(unused_parens)]` on by default
[INFO] [stdout] 
[INFO] [stdout] 
[INFO] [stdout] warning: value assigned to `ret` is never read
[INFO] [stdout]   --> src/interpreter.rs:78:13
[INFO] [stdout]    |
[INFO] [stdout] 78 |         let mut ret: u32 = 0;
[INFO] [stdout]    |             ^^^^^^^
[INFO] [stdout]    |
[INFO] [stdout]    = note: `#[warn(unused_assignments)]` on by default
[INFO] [stdout]    = help: maybe it is overwritten before being read?
[INFO] [stdout] 
[INFO] [stdout] 
[INFO] [stdout] warning: value assigned to `ret` is never read
[INFO] [stdout]    --> src/interpreter.rs:161:13
[INFO] [stdout]     |
[INFO] [stdout] 161 |         let mut ret: u32 = 0;
[INFO] [stdout]     |             ^^^^^^^
[INFO] [stdout]     |
[INFO] [stdout]     = help: maybe it is overwritten before being read?
[INFO] [stdout] 
[INFO] [stdout] 
[INFO] [stdout] warning: variable does not need to be mutable
[INFO] [stdout]   --> src/interpreter.rs:84:17
[INFO] [stdout]    |
[INFO] [stdout] 84 |             let mut var = self.get_name();
[INFO] [stdout]    |                 ----^^^
[INFO] [stdout]    |                 |
[INFO] [stdout]    |                 help: remove this `mut`
[INFO] [stdout]    |
[INFO] [stdout]    = note: `#[warn(unused_mut)]` on by default
[INFO] [stdout] 
[INFO] [stdout] 
[INFO] [stdout] warning: 4 warnings emitted
[INFO] [stdout] 
[INFO] [stdout] 
[INFO] [stderr] error: build failed
[INFO] running `Command { std: "docker" "inspect" "e559af09adea4d1a51c8f3c25d50eedc7672d461c3bca80d456e52ed95206779", kill_on_drop: false }`
[INFO] running `Command { std: "docker" "rm" "-f" "e559af09adea4d1a51c8f3c25d50eedc7672d461c3bca80d456e52ed95206779", kill_on_drop: false }`
[INFO] [stdout] e559af09adea4d1a51c8f3c25d50eedc7672d461c3bca80d456e52ed95206779
